 -3*k - 4*d = 34. Let r = 36 + k. What is the tens digit of r?
2
Let u be (18/(-30))/((-3)/30). What is the units digit of (u/(-4))/((-10)/20)?
3
Let r(a) = -5*a - 1. Let j be r(-1). Let k be 2/(1*(-2)/(-5)). Suppose 0 = k*w - j*w - 7. What is the units digit of w?
7
Let k = 8 + -5. Let j(f) = f**3 - 4*f**2 + 3*f + 4. What is the units digit of j(k)?
4
Let y(o) = -o - 3. Suppose 2*m + 6 = -8. Let u = -18 - m. What is the units digit of y(u)?
8
Let z(f) = f**3 + 15*f**2 + 12*f + 14. What is the tens digit of z(-14)?
4
Let r(z) = -z**2 - 21*z - 27. What is the units digit of r(-16)?
3
Let j = 6 + -4. Let v(d) = -4*d**2 - j*d + 2 - d + 3*d**2. What is the units digit of v(-2)?
4
What is the tens digit of (1/(-1))/((-5)/80)?
1
Let d = -12 + 17. Let m be (1/4)/(d/340). Suppose 0*o = -b - 4*o - 3, o + m = 3*b. What is the units digit of b?
5
Let y(w) be the second derivative of w**5/20 + 5*w**4/12 + 2*w**3/3 - w**2/2 + 2*w. Let c be y(-3). Suppose 0 = -c*v + 1 + 9. What is the units digit of v?
2
Let n = 0 - -3. Suppose -1 = f - 2*q, -n*f - 2*q = q - 6. Suppose -4 = -u - f. What is the units digit of u?
3
Let g = 66 - 111. Let j = -22 - g. What is the units digit of j?
3
Let c = -27 + 17. Let a = 20 + c. What is the units digit of a?
0
Let a(k) = k**2 - 4*k - 6. Let n be a(6). Let r(w) = n - 1 - w + 0. What is the units digit of r(-4)?
9
Suppose -n + 1 = 2. Let j = 2 - n. What is the units digit of j?
3
Suppose -2*s - 7 = 4*b + 3*s, -2*b + 16 = -4*s. Let u be ((-22)/(-8))/(4/16). Suppose b*j - 10 = 0, 0 = 3*d - 3*j - 10 - u. What is the tens digit of d?
1
Suppose -2*l = 4*w - 320, -480 = -7*l + 4*l - 3*w. What is the hundreds digit of l?
1
Suppose -5*y + 30 = -3*n, 3*y - 2*n - 8 = y. What is the tens digit of (-2*2)/(y/(-72))?
3
Let z(m) = 31*m + 26. What is the hundreds digit of z(5)?
1
Let t be -5*(-1 + 2/1). Let d(q) = 3*q - 14. Let l(k) = -k + 7. Let h(n) = 2*d(n) + 5*l(n). What is the units digit of h(t)?
2
Suppose -56 = 6*z - 356. What is the tens digit of z?
5
What is the units digit of 15/(-45)*(-24)/2?
4
What is the units digit of 57 - (-5 + -3 - -5)?
0
Let c = 7 + -2. Suppose -19 = -2*y + 41. Suppose 6 - 26 = -4*w, d + c*w - y = 0. What is the units digit of d?
5
Suppose 0 = s + s + 5*b + 7, -4*s = -4*b - 56. What is the units digit of s?
9
Let w = 103 + -71. What is the tens digit of w?
3
Let y be -3 - 3*4/(-2). Suppose 0 = y*o + 21 + 9. What is the units digit of (o/(-4))/((-1)/(-2))?
5
Let r(o) = -o**2 - 9*o + 4. What is the tens digit of r(-8)?
1
Suppose 164 - 50 = 3*t. Suppose x - 3*z - t = 0, 4*x - 3*z - 110 - 42 = 0. What is the tens digit of x?
3
Let r be 24/10*(-8 + 3). Let u be r/66 + 57/11. Suppose u*z - 4*j = 25, 0 = 3*z - 3*j - 5 - 10. What is the units digit of z?
5
Suppose b - 46 = -4*m, -2*m + 75 = 2*b - 47. What is the units digit of b?
6
Suppose 2*h + 3*m + 13 - 179 = 0, m + 2 = 0. What is the tens digit of h?
8
Suppose 0 = -5*y + 198 + 442. What is the hundreds digit of y?
1
Let n be (-18)/(-15) + (-2)/10. Let x be n + (-2 - 2) - -1. What is the units digit of (-1)/2 + (-3)/x?
1
Let m be 61 + (3 + -2)*-1. Let q(o) = o**3 - 7*o**2 + 6*o + 4. Let s be q(6). Suppose r - m = -s*r. What is the units digit of r?
2
Let s = -22 + 13. Let r be 4/6 - 12/s. Suppose 0 = c + r*c - 9. What is the units digit of c?
3
Suppose -2*d = 4*c - 128, -5*c - 5*d + 5 + 150 = 0. What is the tens digit of c?
3
Suppose -5*u = j + 8, 2*u + 9 = 2*j + 1. Let s = u - -67. Suppose 0 = -8*q + 3*q + s. What is the tens digit of q?
1
Suppose -4*b - 2 = t - 16, -3*t - 4*b + 74 = 0. Let n = t - 2. What is the units digit of n?
8
What is the tens digit of 2/(1*4/48)?
2
Let r = 3 + -2. Let n(p) = p + 1. What is the units digit of n(r)?
2
Suppose 4*y - 5 = 7. Let d = 0 + y. What is the units digit of d?
3
Let t(c) = -2*c**3 - 2 + 3 + 2*c - 27*c**3. What is the tens digit of t(-1)?
2
Let p = 1 - -1. Let t = -6 - -14. Let i = p + t. What is the tens digit of i?
1
Let s = 3 + -3. Let v be 0/(0 + s - 1). Suppose g - 4*g + 39 = v. What is the units digit of g?
3
Let i(d) = d - 9. Let y be i(-7). Suppose 0 = -3*c - 2*c. What is the tens digit of (-3)/4*(y - c)?
1
Suppose 5*l + 2*a - 15 = 0, 0*l - 2*a = l + 5. Suppose 66 = -5*g + 3*x, -g = -6*g + l*x - 60. What is the units digit of ((-36)/g)/(9/30)?
8
Suppose 0 = -w + 2*h - h + 41, 4*w - 154 = 2*h. Let a = w - 22. What is the tens digit of a?
1
What is the tens digit of ((-1)/(-2))/(1/80)?
4
What is the units digit of (-3)/(16/(-13) - -1)?
3
Suppose -2*n = -5*k + n + 17, n + 3 = k. Suppose -o + 2*m = -6, -k*m + 7*m = 3. What is the units digit of o?
8
Let m(t) = 9*t - 11. What is the units digit of m(11)?
8
Let y(k) = k**2 - k. Let r(c) = 2*c**2 - 13*c - 10. Let x(w) = r(w) - 3*y(w). What is the units digit of x(-5)?
5
Suppose -4*y + 2 - 14 = 0. Let v = y + 8. Suppose -3*d + 25 = v*q - q, 0 = -4*q + 3*d + 55. What is the tens digit of q?
1
Let n = 3 - -1. Suppose 2*x - 59 = -3*t + x, -n*t - x + 77 = 0. What is the tens digit of t?
1
Suppose 5 + 5 = 5*n, -4*h = 5*n - 310. What is the tens digit of h?
7
What is the hundreds digit of (154 - -6) + 2/(-1)?
1
Let s(q) = -18*q - 2. Let z be s(-2). Let h = z + -6. Let a = h + -13. What is the tens digit of a?
1
Suppose -201 = -5*t + 3*n, 29 = 2*t + 3*n - 43. Suppose g + 14 = 2*i, -4 = 5*i - g - t. What is the units digit of i?
7
Let j be ((-9)/2)/((-4)/16). Let u(c) = -c**2 + 6*c - 6. Let f be u(4). Suppose -f*a - a = -j. What is the units digit of a?
6
Let p(y) = 3*y + 1. What is the units digit of p(11)?
4
Suppose h - 2*h + 285 = 4*o, o = -4. What is the units digit of h?
1
Let a = -8 - -11. Suppose -3*j = 4*w + 45, 8*w + 65 = a*w + 5*j. What is the units digit of ((-10)/6)/(2/w)?
0
Let q be 4 + (7 - 4) - -2. Suppose 42 + q = 3*z. What is the units digit of z?
7
Let x(o) = 5*o**2 - o - 6. Let u be x(5). Suppose 10*t - u = 7*t. What is the tens digit of t?
3
Let v be (0 - 1)*-2 + 6. What is the units digit of (-228)/v*(-4)/6?
9
Let c = 9 + -3. Let w = c + 22. What is the tens digit of w?
2
Let k(y) = -7*y - 1. Suppose 5*x + 33 = 4*f, -4*x - 11 = 3*f + 3. Let m be k(x). Let h = m + -22. What is the units digit of h?
2
Let p = 67 - 18. What is the units digit of p?
9
Let m(j) = -j**3 - j**2 + 8*j - 3. Let z(w) = w**2 - w + 1. Let y(t) = -m(t) - 4*z(t). What is the units digit of y(5)?
9
Let r = 20 - 22. What is the units digit of 3 + r - (-29)/1?
0
Suppose 38 = 4*y + 246. Let j be y/(-14) + (-6)/(-21). Suppose -24 + 0 = -j*b + 4*c, -4 = 4*c. What is the units digit of b?
5
Let c = 34 - 23. What is the tens digit of c?
1
Suppose 5*i = 2*x - 84, 0 = -0*i + i. What is the tens digit of x?
4
Let z(l) = 3*l**2 + l - 1. Suppose -3*r + 4*n = 17, 3*r - n + 6*n = 1. What is the tens digit of z(r)?
2
Let d be (-6)/(-3) + -46 + 3. Let b = -8 - d. What is the tens digit of b?
3
Let p = 31 + -17. What is the tens digit of p?
1
Suppose 5*b - 4*b - 5 = 0. Suppose -2*f + b + 29 = 0. What is the units digit of f?
7
Let y(o) = -o + 1. Let s be y(-2). Suppose 0 = -0*u - s*u + 27. What is the units digit of u?
9
Suppose 4 = -4*b - 16, 3*m + 2*b - 8 = 0. What is the units digit of m?
6
Suppose 3*w + 0*w + 3*i - 21 = 0, 4*w - 3*i = 42. What is the units digit of w?
9
Let j(f) be the third derivative of -f**6/120 + 3*f**5/20 - f**4/3 + 4*f**3/3 - 2*f**2. What is the units digit of j(8)?
8
Let g = -166 + 533. What is the units digit of g?
7
Let j(k) = k + 2. Let s be j(2). Let w = 9 - s. Let d = w - 3. What is the units digit of d?
2
Let f(w) = -w**2 - 10*w - 11. Suppose 4*o - 40 = -4*k, 0 = -o - 4*k + 5 + 17. Let z = -2 - o. What is the units digit of f(z)?
5
Suppose 2*a + 582 = 5*a. What is the tens digit of a?
9
Let l = 12 + 4. Let s = 25 - l. What is the units digit of s?
9
Suppose 0 = 3*q - 11 - 4. Suppose 5*g = q - 15. What is the units digit of (-2)/8*g*14?
7
What is the tens digit of -1 - 2*-69 - -4?
4
Suppose 0 = 2*s - 4*s - 8. Let m = -3 - s. Suppose m = -2*t + 9. What is the units digit of t?
4
Let d = 19 - 10. Suppose -d + 41 = 2*a. What is the tens digit of a?
1
Let r be 4/(-3)*(-2 + 5). Let n = r - -7. Suppose -n*j - j + 12 = 0. What is the units digit of j?
3
Let o(a) = -a + 76. What is the tens digit of o(0)?
7
Let t(u) = -u**3 - 4*u**2 + 15*u. What is the tens digit of t(-7)?
4